33*w - 18. Let v(y) = 33*y - 17. Let d(b) = -2*h(b) + 3*v(b). What is the hundreds digit of d(5)?
1
Suppose -f - 66 = f. Let a = 58 + f. Suppose a + 29 = 3*q. What is the tens digit of q?
1
Let n = -4 + 32. What is the tens digit of 842/7 - ((-76)/n - -3)?
2
Let s(k) = 4 + 15 + k - 6. Let b be s(-8). Let w(x) = 5*x + 6. What is the tens digit of w(b)?
3
Let l(v) = -6*v + 12 + 0*v**2 + v**2 + 0*v. Let k be ((-288)/90)/(2/(-5)). What is the tens digit of l(k)?
2
Let f = -8 + 11. Suppose f*j = 2*j + 36. Suppose 3*g - j - 3 = 0. What is the units digit of g?
3
Let v = -24 + 34. Suppose 5*i - 7*i = -v. Suppose 2*w - 40 = 5*o, -3 + 13 = i*o. What is the units digit of w?
5
Let o = -497 - -1297. What is the units digit of o?
0
Let h(y) = -y**2 - y + 67. Suppose 0 = -0*i - 6*i. What is the units digit of h(i)?
7
Let g(z) = z**3 - 4*z**2 - 16*z + 20. What is the units digit of g(8)?
8
Suppose 4*q + 3*o - 48 = 0, 9 = 2*q + 2*o - 13. Let p(b) = -b**2 - b. Let t be p(-1). Suppose t = -x + q. What is the tens digit of x?
1
Let o(q) = -q**3 + q**2 - q - 11. Let b be o(0). Let k = 16 + b. Suppose -94 = -k*p - 2*f, 5*p + 29 - 125 = -3*f. What is the tens digit of p?
1
Let c be 351 - (7 - -1*(-8 - -4)). Suppose c = -22*g + 28*g. What is the units digit of g?
8
Let u = 31 - 57. Let j = u + 33. Suppose 0 = s + d - 48, 0 = 4*s + 5*d - 187 - j. What is the units digit of s?
6
Let a(l) = 4*l**2 - l + 678. What is the units digit of a(0)?
8
Suppose -4*f + 16 = 8. What is the units digit of f/7 + (-5856)/(-84)?
0
Suppose -42*h = h - 3139. What is the units digit of h?
3
Let f(j) be the first derivative of -j**4/12 + 23*j**3/2 + 3*j**2/2 + 5. Let t(p) be the second derivative of f(p). What is the tens digit of t(0)?
6
Let s = -1 - -3. Suppose -91 = -3*r - s*q, -2*q = 4*r + q - 121. What is the units digit of r?
1
Let d = 1236 - 96. Suppose w - 2*k + 0*k = 232, d = 5*w - 5*k. What is the units digit of w?
4
What is the tens digit of 3/(18/(-12)) - (-131 + 1)?
2
Let l(h) = -29*h - 279. What is the units digit of l(-13)?
8
What is the tens digit of -2*21/(-6)*13?
9
Suppose -4 = q - 2. Let u be 28/5 + q/(-5). What is the units digit of ((-50)/(-15))/(2/u)?
0
Suppose 9100 = -9*y + 31762. What is the tens digit of y?
1
What is the thousands digit of (-89406)/(-72) + 7/(-4)?
1
Suppose 0 = -26*d + 17080 + 15446. What is the tens digit of d?
5
Let u = 7 + 5. Let c(o) = -o + 8. Let f be c(6). Suppose u = k + f*k. What is the units digit of k?
4
Suppose -4*a - 11 = -47. Let r(g) = -g**3 + 8*g**2 + 10*g - 7. Let f be r(a). What is the tens digit of (40/(-5))/f*-16?
6
Let h be 390/24 - 2/8. Suppose -5*w = -3*f + 10, 0 = -5*f + w + h + 8. Suppose 0 = f*m - m - 3*d - 169, d = -5*m + 216. What is the tens digit of m?
4
Let q(w) = -w**3 + 21*w**2 - 2*w + 46. Let r be q(21). Suppose -3*p + 56 = 2*m, -5*m - 60 = -p - r*p. What is the units digit of p?
6
Suppose 4*y + t = 20 + 5, 3*y + 4*t - 22 = 0. Let f be (3 - 4 - -6)/(-1). Let s = f + y. What is the units digit of s?
1
Let o be (-29)/(-9) - 26/117. Let d be (o + 3)/(8/(-20)). Let h = 12 - d. What is the tens digit of h?
2
Let n = -107 + 344. What is the units digit of n?
7
Let b(m) = 10*m - 30. Let u be b(6). Suppose -5*h + 36 = -h. Suppose h*d - u = 8*d. What is the units digit of d?
0
Let k(m) = 35*m. Let s be k(4). Suppose 5*o - 115 = -95. Suppose -o*y - y = -s. What is the tens digit of y?
2
Suppose -103*q = -141*q + 9614. What is the hundreds digit of q?
2
Let w = 224 + -138. Suppose -w*y + 90*y - 84 = 0. What is the tens digit of y?
2
Let v = 82 + 225. What is the units digit of v?
7
Suppose -2*v - 3*b = -3659, -5*v = 2*b - 5274 - 3901. What is the thousands digit of v?
1
What is the hundreds digit of (-24)/96*1744/(-4)?
1
Suppose 5*c + 16 = -5*r - 9, 3*c + 39 = 3*r. Let y = c + 15. Let w(l) = l**2 + l + 6. What is the units digit of w(y)?
8
Let g = 38 - 24. Let s(y) = y**3 - 15*y**2 + 14*y + 23. What is the tens digit of s(g)?
2
Suppose 11*y - 4 = 13*y. What is the tens digit of y/(-60)*5 + (-749)/(-6)?
2
Suppose 0 = 13*c - 11*c + 14. Let u(z) = z**2 + 5*z + 13. What is the units digit of u(c)?
7
Suppose 3*l = 4*p - 37 + 10, -5*p = 4*l - 26. Let y(t) = 2*t**3 - 5*t**2 + 6*t - 22. What is the units digit of y(p)?
6
Suppose -8*q + 56 = -16*q. Let s(u) = -u**3 - 6*u**2 - 5*u + 1. What is the units digit of s(q)?
5
Let w(h) = -66*h - 835. What is the hundreds digit of w(-57)?
9
Suppose -31*n - 23384 = -82594. What is the thousands digit of n?
1
Let a = -7 + -6. Let r be 9/4*(a + 17). Let v = 34 + r. What is the tens digit of v?
4
Let w(o) = -132*o**3 - 13*o - 25. What is the tens digit of w(-2)?
5
Suppose 231 = 3*p - 3*q, 24 = -p + 4*q + 101. What is the tens digit of p?
7
Let m(q) = 10*q + 1. Suppose -4*h - 3 = -31. Suppose 6*s - 4*s = r + h, -2*s + 10 = 0. What is the units digit of m(r)?
1
Let l be 54/14 + 3/21. Suppose 180 = -l*d + 7*d. What is the units digit of d?
0
Suppose 2*u - 675 = -5*r, 3*u - 3*r - 992 = 10. What is the tens digit of u?
3
Let s = 9 + 11. Suppose -5*f + 197 = -m - s, -4*f + 168 = 2*m. What is the units digit of f?
3
Let o = -51 + 63. Suppose -3056 = -4*y - o*y. What is the units digit of y?
1
Suppose 2 = 5*r + 22. Let x(p) = -12*p + 7. What is the units digit of x(r)?
5
Let k = -2929 + 4590. What is the hundreds digit of k?
6
Let j be 1/(3/(-33)*-1). Let m = 27 - j. What is the tens digit of m?
1
Let y = -1871 - -5144. What is the hundreds digit of y?
2
Let n = 6330 + -3992. What is the units digit of n?
8
Let q(j) = -8*j**3 + 8*j**2 + 11*j + 21. What is the hundreds digit of q(-7)?
0
Suppose 0 = 4686*j - 4689*j + 4377. What is the tens digit of j?
5
Let j(w) = 6 + w + 4*w**2 + 2*w - 3*w**2. Suppose -2*s + 12 = -5*s. What is the units digit of j(s)?
0
Suppose 4*d + 1066 = -f, 4*f + 2*d + 4180 = 7*d. Let r = f - -2982. What is the units digit of 4/(-6) - r/(-36)?
3
Suppose -r - 3*r + 4 = 0. Suppose 4 - r = o. Suppose 0 = 4*k - 5*l - 98, k - 4*k + 72 = -o*l. What is the units digit of k?
2
Let u(q) = -18*q + 64. Let y = -184 - -174. What is the hundreds digit of u(y)?
2
Suppose 9633*o = 9624*o + 33147. What is the hundreds digit of o?
6
Let c(q) = q**2 + 5*q - 14. Let a be c(-7). Suppose a = -y - 5, -2*w + 0*w - 3*y = -153. What is the tens digit of w?
8
Let h(f) = -8*f - 11. Let w = 16 - 26. What is the tens digit of h(w)?
6
Suppose -4*b - 3*o + 616 = 103, -3*b + 4*o + 366 = 0. What is the hundreds digit of b?
1
Suppose 94224 = 32*n + 20*n. What is the tens digit of n?
1
Let g(z) = -z**2 - z - 1. Let h(f) be the first derivative of f**4/4 - f**3 - f**2 + 7. Let q(r) = -g(r) - h(r). What is the tens digit of q(4)?
1
Let u(b) = 63*b**2 - 2*b - 2. Let j be (-2)/((12/2)/3). What is the tens digit of u(j)?
6
Let h = 58 - -559. What is the hundreds digit of h?
6
Let j = 238 - 10. What is the tens digit of j?
2
Let h(k) = k**3 + 18*k**2 - 22*k + 20. What is the tens digit of h(-18)?
1
Let t be (27/12)/((-3)/(-8)). Let c = 143 + -177. Let j = t - c. What is the units digit of j?
0
Suppose -4058 = -f - 3*k, f - 2477 = -k + 1589. What is the hundreds digit of f?
0
Let o be 14/(-77) - 402/(-33). Suppose t - 8 - o = 0. What is the tens digit of t?
2
Suppose 272 = 5*f + g + 100, -2*f - 5*g = -78. Suppose -z = -0*z - f. Let x = -23 + z. What is the units digit of x?
1
Let w(k) = -13*k - 23. What is the units digit of w(-20)?
7
Suppose -55 = 6*d + 167. Let x = -31 - d. What is the units digit of (-1089)/(-18) - x/(-4)?
2
Suppose 3*p + 2*k = 3924, 3355 = 4*p + k - 1882. What is the tens digit of p?
1
Let r = 2962 + -2744. What is the units digit of r?
8
Suppose -2*r = -5*v - 534, -15*v + 12*v = 5*r - 1304. What is the hundreds digit of r?
2
Suppose -2*h = 2*q - 8, 6*q - q - 14 = h. Suppose 0 = -5*o + 2*n + 109 + 487, 5*o = q*n + 594. Suppose -3*w = 2*w - o. What is the units digit of w?
4
Let i = 6 - 0. Suppose -3*a = -i, -3*s + s = 4*a - 132. What is the tens digit of s?
6
Suppose 0 = -2*t + 4*k - 11 + 45, 0 = -3*t - k + 58. Let a = t - 11. Suppose 4*y = 16 + a. What is the units digit of y?
6
Let l(n) = 14*n**2 + 12*n + 18. What is the units digit of l(-2)?
0
What is the tens digit of 1212/2 + 0 + 0?
0
Let x = -307 + 369. What is the units digit of x?
2
Suppose 28 = 3*x - 5*x. Let o = x - -92. What is the tens dig